t t(n) = -2*n**2 - 11*n - 7. Let v be ((-4)/(-6))/((-123)/738). What is t(v)?
5
Suppose -12*t + 102 - 54 = 0. Let u be 12/t*(-24)/18. Let j(x) = 2*x**2 + 5*x + 5. Give j(u).
17
Let k(p) = p + 45. Let z(f) = 15*f + 94. Let q(b) = -2*k(b) + z(b). Calculate q(-2).
-22
Let z(w) = -w - 10. Let t be (-6)/18 + (-10)/6. Let h be -9*((-2)/12 - (-1)/t). Suppose 0 = -0*s + h*s + 30. Give z(s).
-5
Let q(s) = -18 + 14 + 438*s - 475*s. Determine q(-2).
70
Let r(t) = -3*t**3 + 16*t**2 + 67*t + 39. Let q(k) = -4*k**3 + 24*k**2 + 92*k + 58. Let v(u) = -5*q(u) + 7*r(u). Calculate v(-9).
-17
Let t(j) = 8*j - 49. Let p(u) = -16*u + 171. Let k(f) = 2*p(f) + 5*t(f). Calculate k(-9).
25
Let i(r) be the first derivative of -r**4/4 - 2*r**3/3 + 2*r + 12267. Let m(v) = 2*v**3 + 2*v**2 - v. Let o be m(-2). Let p be (o - (0 - 2))/2. What is i(p)?
2
Let f = 17 + -11. Let r(m) = -33*m - 26*m - 27*m + 114*m - 22*m - 8. What is r(f)?
28
Let b(v) = -31*v + 27. Let p(u) = -38*u + 19. Let f(w) = -4*b(w) + 3*p(w). Calculate f(21).
159
Let t(i) = -2*i**3 + 17*i**2 - 6*i - 2. Let z(p) = -p**3 + 21*p**2 - 8*p - 3. Let o(q) = -3*t(q) + 2*z(q). Calculate o(2).
0
Let v(s) = 3*s**2 + 63391903 - 63391894 - 2*s**2. What is v(-7)?
58
Let g(b) = -3*b. Let m(d) = -11*d. Let c(x) = 3*g(x) - m(x). Suppose -11 = -2*n + 11. Let o = n + -13. What is c(o)?
-4
Let p be (2 - -3)*3/(-15)*-2. Let o(r) = -r - 2*r - p + r - 1 + 3*r**2. Determine o(3).
18
Let y(r) = -26*r**3 + 17*r**2 + 82*r + 124. Let o(k) = 7*k**3 - 4*k**2 - 22*k - 31. Let m(u) = -11*o(u) - 3*y(u). What is m(8)?
1
Let b(l) be the first derivative of 0*l**3 + 0*l**2 - 6*l + 221 + 1/4*l**4. What is b(0)?
-6
Let i = -137 + 149. Let z(v) be the third derivative of v**5/120 - 7*v**4/24 - 23*v**3/6 + 11*v**2. Let p(a) be the first derivative of z(a). Give p(i).
5
Let a(k) = k**3 - 5*k**2 - 9*k. Let n(z) = 2*z**2 - 13*z - 44. Let o be n(9). Suppose 5*u = 4*g - 7*g + 26, o = u + 2*g. Calculate a(u).
35
Let j = 92233/12 - 7686. Let d(l) be the third derivative of 1/120*l**6 + 0 + 0*l + j*l**5 - 1/3*l**4 + 1/6*l**3 - l**2. Calculate d(-6).
13
Let k = -15 + 8. Let x(p) be the third derivative of -1/3*p**4 - 13*p - 1/60*p**5 + 0 + 2*p**2 - 3/2*p**3. Calculate x(k).
-2
Suppose 92 = 14*j + 36. Let b(h) = 14 - j + 512*h - 513*h. Calculate b(3).
7
Let r(y) = 2*y + 4. Suppose -3*f - i = 16, -31 = 5*f + i - 3. Let t = -124 - -135. Let a = f + t. Give r(a).
14
Let n(b) = b**3 - 10*b**2 - 9*b - 7. Let d be n(11). Let l be d/(10/(-8) - (-3)/12). Let i be 42/15*l/(-6). Let c(m) = m + 8. Give c(i).
15
Let b(f) = -f**3 - 10*f**2 - f - 13. Let m = -557 - -562. Suppose x - 10 = 4*l, x + 5*l = 4*x + m. Determine b(x).
-3
Let t be (0 - 52/(-39))/((-1)/((-6)/(-4))). Let v(c) = -19*c**2 + c - 3. Determine v(t).
-81
Let z(a) = -8*a - 27. Let k be 4/(-6) + 1034/(-141) + 2. Give z(k).
21
Let f(o) = -23*o**2 + 379*o - 12. Let z(k) = -11*k**2 + 174*k - 6. Let d(u) = -3*f(u) + 7*z(u). What is d(9)?
75
Let h(n) = 48*n - 1273. Let u be h(27). Let k(y) = -10*y + 235. Determine k(u).
5
Let u = 2061 - 2060. Let h = -2 + 4. Let q(i) = -5*i - h - i**2 - i + u + 0. Give q(-5).
4
Let g(v) = v**2 + 6*v - 5. Let s be ((-20)/8)/(110/(-20) - -6). What is g(s)?
-10
Let t(n) = -n**2 + 17*n - 15. Let o be t(12). Let u = -32 + o. Let a(c) = c - 7 + u + 9. Determine a(-7).
8
Suppose -9 = -3*k - 2*p, -3*k = -4*p - p - 9. Let i(n) = -20*n + 3 - 2*n**2 + 23*n + 0*n**3 + n**3 - k*n**3. Let h be 3*36/189*14/(-4). What is i(h)?
5
Suppose 6*i + 6 = 3*i. Let y be (-8 + (1 - -3))*-1. Let q(r) = -1697*r - y*r**2 - 1 + 6*r**2 - r**3 + 1698*r. Determine q(i).
13
Let o(n) = -257*n + 8993. Let h be o(35). Let b(w) = -26*w**2 - 3*w - 2. Determine b(h).
-100
Suppose 2*h + 3*m = 856 - 838, 3*h = 2*m + 53. Let d(j) = 10*j - 169. Give d(h).
-19
Let a(y) = -2*y**3 + 23*y**2 - 10*y - 8. Let s = 1546 + -1535. What is a(s)?
3
Let y(a) be the second derivative of 0*a**4 - 21*a + 0 - 1/12*a**5 - 3*a**2 - 2/3*a**3 + 1/120*a**6. Let i(o) be the first derivative of y(o). What is i(5)?
-4
Let t(j) = -13*j**2 - 85*j - 34. Let c(i) = -7*i**2 - 45*i - 17. Let k(b) = -11*c(b) + 6*t(b). Determine k(-15).
-17
Let x be (-6)/(-15) + 301/35. Let j be ((-27)/12)/x*(-3 + -1). Let r(n) = 3*n**2 + 3*n**2 + 2*n**2. Determine r(j).
8
Suppose 260*h - 263*h + 6 = 0. Let l(s) = s**3 - 7*s**h - 560*s + 560*s. What is l(7)?
0
Let n(p) = -p**3 + 14*p**2 - 31*p - 19. Let j be n(11). Let a(o) = 32*o**2 - 23*o**j - 6*o - 71*o**2 + 38*o**2 + 6*o. Calculate a(-1).
22
Let o = -55 + 64. Suppose 7*m + 20 = o*m - 2*b, -2*b = 5*m - 29. Let q(a) = 2*a - 17. Give q(m).
-3
Let u(q) = -q**3 - 9*q**2 - 15*q - 5. Let m be u(-7). Let a(c) = -3*c**m + 2*c + 3 + c - 4. Let g be a(2). Let s(r) = r**2 + 6*r - 8. Give s(g).
-1
Let j(f) = -3*f**2 + 10*f + 11. Suppose -76948 = 13*p - 77013. Give j(p).
-14
Let f(o) = -15*o + 231. Let z(a) = -235*a + 4481. Let p be z(19). What is f(p)?
-9
Let f be 18/(-7) + (25/7 - 4). Let a(y) = -20*y - 62. Let q be a(f). Let d(p) = 0*p**2 + 3*p - 2*p + 2*p**2. Calculate d(q).
6
Let g = -212 - -219. Let v(r) = -6509 + r + 6510 - g*r. Determine v(-2).
13
Let b be -3 + 3 - -3 - 6. Let k be (-1 + 13)*b/6. Let t(q) = 0 - 6 + 3 - q**3 - 5*q**2 - 4*q + 10*q - 3. Determine t(k).
-6
Let b(p) be the first derivative of -8*p**3/3 + 9*p**2 + 3*p - 2059. Calculate b(3).
-15
Let q(t) = -t**3 - 3*t - 9*t**2 + 2*t**3 - 10 - 8*t. Let v(k) = -45*k**2 + 180*k + 10. Let n be v(4). What is q(n)?
-20
Let b(g) = g**2 + 10*g + 11. Suppose -3*u + 3156 = 3177. Give b(u).
-10
Let k(d) be the first derivative of d**6/120 - d**5/10 + d**4/12 - 7*d**2/2 + 9*d - 38. Let v(p) be the second derivative of k(p). Determine v(5).
-15
Let q(g) = 11*g + 17 + 157 + 239 + 88*g + 4*g. What is q(-4)?
1
Let r(k) be the second derivative of k**4/12 - 2*k**2 - k + 3420. Give r(-3).
5
Let j = 7875 + -7848. Let v(x) = -x**2 + 25*x - 12. Determine v(j).
-66
Let f(i) = 5*i - 25. Let o(z) = -225*z + 5641. Let t be o(25). What is f(t)?
55
Let c(y) = -y**3 + 2*y**2 + 2. Let m = 36 + -15. Let l be (36/m)/((-6)/42). Let b = l - -15. What is c(b)?
-7
Let l = 2506 + -2484. Let g(y) = -7*y + 152. What is g(l)?
-2
Let p(x) = x**3 + x**2 + 2*x + 1. Let v be p(-2). Let k be (-18)/(-27)*(-3 - -2 - -4). Let b(g) = -111*g**2 + 206*g**2 - 7*g - g**3 - 103*g**k. What is b(v)?
0
Suppose 13*d - 17*d + 40 = 4*d. Let x(g) = 10*g - 5. Give x(d).
45
Let y(l) be the second derivative of l**5/20 - 7*l**4/12 + 2*l**3/3 + 3*l**2/2 + 281*l. Give y(6).
-9
Let j(d) = -27 + 3*d**2 - 7*d + 27. Let y(n) = -n**2 + 3*n. Let s(u) = 2*j(u) + 5*y(u). Let b = -703 - -700. What is s(b)?
6
Let a(i) = -i**3 - 55*i**2 + 47*i - 504. Let m be a(-56). Let z(p) = -3*p - 1. Calculate z(m).
-1
Let j(l) = -l**2 + 118*l + 1. Let v be j(118). Let z(c) = 3*c**2 + 7*c - 8. Determine z(v).
2
Let u(g) = -2*g**2 + 17*g - 16. Let h be u(7). Suppose 4*v = h + 23. Let f(x) = -v + 17*x - 32*x + 13*x. What is f(-7)?
7
Suppose -20 = -4*a + 2*y, -10 = -2*a - 4*y + y. Let d be (-3 + 0)/((-5)/a). Let k(b) = 4*b + 3. What is k(d)?
15
Let s(p) = -37 + 20 - p**2 + 7 - 8*p. Let z(l) = -l**3 - 5*l**2 - 6*l - 7. Suppose 4*w - 5*t + 17 = 0, -7*t = w - 3*t - 1. Let n be z(w). What is s(n)?
-3
Let z be (6/(-2))/((-81)/1134). Let m(l) = 2*l**3 - 85*l**2 + 42*l + 5. Give m(z).
5
Let w(q) = 4. Let d(a) = 19. Let c(u) = d(u) - 5*w(u). Let b(s) = -s**3 + 5*s**2 - 7*s. Let m(h) = b(h) - 3*c(h). Give m(5).
-32
Let d(y) = -10*y**2 - 6*y + 18*y**2 - 12*y**2 + 4*y**2 - 62 + y**2. Determine d(11).
-7
Let o(t) = t**3 + t**2 + 4*t - 12. Let h be -3*(-2)/(-18)*(91/13 - 7). Calculate o(h).
-12
Let x(h) = -3*h + 3. Let p be ((-24)/(-10))/((-36)/(-60)). Let k be -6*(p - 42/12). What is x(k)?
12
Let i(j) = 1 + j - j + 2*j + 1. Let k(z) = -z**2 + 5*z + 3. Let c be k(-7). Let a = c + 78. Calculate i(a).
-4
Let q(r) be the second derivative of 0 + 7/6*r**3 - 1/2*r**2 + 100*r. Give q(-4).
-29
Let f(s) be the second derivative of s**7/840 + s**6/30 + s**4/6 + 17*s**3/2 - 17*s. Let t(i) be the second derivative of f(i). Determine t(-12).
4
Let q(p) = p**3 + p**2 + 2*p + 1. Let f(i) = -3*i**3 + 13*i**2 - 10*i - 34. Let l(r) = -f(r) - 4*q(r). Give l(-17).
-4
Let j(f) = -f + 10. Let w be j(7). Let m(h) = -7*h - 4. Let o(u) = 14*u + 7. Let x(g) = w*o(g) + 5*m(g). Suppose